3, 5, 7, 101, 6287
What are the prime factors of 5418923774?
2, 11, 17, 1317191
What are the prime factors of 843502536?
2, 3, 11715313
List the prime factors of 345355332.
2, 3, 7, 167, 3517
List the prime factors of 818767484.
2, 204691871
List the prime factors of 282202699.
282202699
What are the prime factors of 3487200?
2, 3, 5, 1453
List the prime factors of 2605659140.
2, 5, 7, 37, 53, 9491
List the prime factors of 33766591.
19, 163, 10903
What are the prime factors of 2430332?
2, 607583
What are the prime factors of 23030305?
5, 523, 8807
List the prime factors of 689905855.
5, 137981171
What are the prime factors of 351889722?
2, 3, 19549429
List the prime factors of 100333486.
2, 11, 1571, 2903
What are the prime factors of 40801482?
2, 3, 251861
List the prime factors of 377521751.
31, 67, 181763
What are the prime factors of 523392754?
2, 29, 9024013
List the prime factors of 837846594.
2, 3, 13, 107, 109, 307
What are the prime factors of 196843255?
5, 7, 17, 41, 8069
What are the prime factors of 65203?
65203
List the prime factors of 105027611.
13, 19, 59, 7207
What are the prime factors of 518310771?
3, 11, 15706387
What are the prime factors of 1173538846?
2, 586769423
List the prime factors of 10870247.
53, 317, 647
What are the prime factors of 1918742343?
3, 7, 266381
List the prime factors of 23641567.
19, 1244293
List the prime factors of 617731884.
2, 3, 7, 11, 23, 9689
What are the prime factors of 322044412?
2, 80511103
List the prime factors of 268276492.
2, 11, 37, 164789
List the prime factors of 439240164.
2, 3, 11, 302507
List the prime factors of 3316363447.
3316363447
List the prime factors of 2086347731.
13, 160488287
List the prime factors of 7994060.
2, 5, 19, 109, 193
List the prime factors of 466698457.
127, 1063, 3457
What are the prime factors of 69180886?
2, 34590443
What are the prime factors of 798942178?
2, 399471089
What are the prime factors of 69905103?
3, 23301701
What are the prime factors of 153876398?
2, 13, 5918323
List the prime factors of 2223967180.
2, 5, 67, 107, 15511
What are the prime factors of 259932266?
2, 11, 11815103
What are the prime factors of 5845923549?
3, 31, 367, 19031
List the prime factors of 50475482.
2, 17, 1484573
List the prime factors of 86708098.
2, 227, 331, 577
What are the prime factors of 504384293?
7, 263, 39139
List the prime factors of 47676597.
3, 67, 193, 1229
List the prime factors of 1634540132.
2, 19, 71, 107, 149
List the prime factors of 1077842410.
2, 5, 31, 3476911
What are the prime factors of 202266022?
2, 7, 2063939
What are the prime factors of 1105533872?
2, 353, 195739
What are the prime factors of 143805943?
143805943
What are the prime factors of 162702157?
1051, 154807
What are the prime factors of 2865989710?
2, 5, 17, 16858763
What are the prime factors of 16230537?
3, 151, 1327
What are the prime factors of 121919580?
2, 3, 5, 17, 19, 233
What are the prime factors of 166905807?
3, 55635269
What are the prime factors of 4081324085?
5, 281, 2904857
List the prime factors of 3340101759.
3, 1113367253
What are the prime factors of 116713097?
116713097
List the prime factors of 31020836.
2, 7, 11, 23, 29, 151
List the prime factors of 667713.
3, 23, 9677
List the prime factors of 45750215.
5, 7, 347, 3767
List the prime factors of 12191075.
5, 13, 37511
What are the prime factors of 240139633?
29, 8280677
List the prime factors of 187418767.
187418767
What are the prime factors of 1397355940?
2, 5, 211, 331127
What are the prime factors of 2199719096?
2, 4219, 65173
List the prime factors of 4794259671.
3, 29, 1021, 1999
What are the prime factors of 85090359?
3, 107, 265079
List the prime factors of 224475770.
2, 5, 1061, 21157
What are the prime factors of 5280756863?
47, 239, 317, 1483
What are the prime factors of 461466302?
2, 11, 1181, 17761
List the prime factors of 4555444126.
2, 673, 3384431
List the prime factors of 818180624.
2, 17, 3008017
List the prime factors of 447281710.
2, 5, 41, 137, 7963
List the prime factors of 2235498003.
3, 248388667
What are the prime factors of 366259659?
3, 23, 5308111
What are the prime factors of 460914830?
2, 5, 317, 145399
What are the prime factors of 238729210?
2, 5, 409, 58369
List the prime factors of 42161287.
7, 827, 7283
List the prime factors of 73195827.
3, 1291, 18899
List the prime factors of 74896536.
2, 3, 11, 13, 139, 157
What are the prime factors of 92159016?
2, 3, 3839959
List the prime factors of 811709175.
3, 5, 577, 18757
What are the prime factors of 74458454?
2, 7, 19, 279919
List the prime factors of 23625734.
2, 11, 233, 419
List the prime factors of 1167387266.
2, 79, 7388527
What are the prime factors of 72761106?
2, 3, 11, 1102441
List the prime factors of 116019315.
3, 5, 2578207
What are the prime factors of 7012453718?
2, 3506226859
What are the prime factors of 1337507442?
2, 3, 74305969
What are the prime factors of 30395651?
11, 13, 212557
List the prime factors of 685890979.
43, 131, 121763
List the prime factors of 1262130769.
3511, 359479
List the prime factors of 2823478483.
7, 29, 151, 92111
What are the prime factors of 252695090?
2, 5, 43, 593, 991
List the prime factors of 831142886.
2, 7, 17, 673, 5189
What are the prime factors of 77042152?
2, 11, 79589
What are the prime factors of 203865223?
203865223
What are the prime factors of 173217193?
4651, 37243
What are the prime factors of 1260922222?
2, 7, 83, 1085131
What are the prime factors of 254102762?
2, 109, 317, 3677
List the prime factors of 212851728.
2, 3, 659, 2243
What are the prime factors of 2200396759?
11, 239, 836971
List the prime factors of 10952935.
5, 7, 312941
List the prime factors of 2178193579.
31, 5939, 11831
List the prime factors of 69358410.
2, 3, 5, 11, 193
List the prime factors of 16301178.
2, 3, 905621
What are the prime factors of 1598405502?
2, 3, 266400917
List the prime factors of 350538700.
2, 5, 31, 73, 1549
List the prime factors of 2265807736.
2, 17, 16660351
List the prime factors of 66856018.
2, 33428009
List the prime factors of 290674629.
3, 7, 1537961
List the prime factors of 8530961.
179, 47659
List the prime factors of 94811551.
94811551
What are the prime factors of 45770667?
3, 23, 151, 191
List the prime factors of 2321883858.
2, 3, 7, 55282949
What are the prime factors of 8527788514?
2, 7, 13037, 46723
List the prime factors of 64378650.
2, 3, 5, 7, 19, 461
What are the prime factors of 116308193?
116308193
List the prime factors of 3299668207.
11, 299969837
List the prime factors of 1747263438.
2, 3, 101, 961091
List the prime factors of 221277724.
2, 19, 2911549
List the prime factors of 133714934.
2, 113, 591659
List the prime factors of 4765561698.
2, 3, 83, 9569401
What are the prime factors of 376954279?
13, 397, 73039
What are the prime factors of 97313448?
2, 3, 4054727
List the prime factors of 2490840966.
2, 3, 103, 4030487
What are the prime factors of 1029502932?
2, 3, 17, 31, 173, 941
What are the prime factors of 9379529711?
29, 37, 607, 14401
List the prime factors of 398088059.
398088059
What are the prime factors of 44268097?
44268097
What are the prime factors of 7549041?
3, 673, 3739
What are the prime factors of 441336322?
2, 7, 31524023
What are the prime factors of 140802131?
37, 3805463
What are the prime factors of 142252617?
3, 13, 17, 214559
What are the prime factors of 67917599?
7603, 8933
What are the prime factors of 155721242?
2, 29, 92581
What are the prime factors of 2739038150?
2, 5, 54780763
List the prime factors of 668066074.
2, 13, 1429, 17981
List the prime factors of 21243745.
5, 4248749
What are the prime factors of 217551733?
7, 23, 1351253
List the prime factors of 121550645.
5, 1069, 22741
List the prime factors of 1969229568.
2, 3, 2564101
List the prime factors of 63014639.
47, 67, 20011
What are the prime factors of 2823734742?
2, 3, 19, 53, 263, 1777
What are the prime factors of 36677612?
2, 89, 269, 383
List the prime factors of 82511331.
3, 7, 607, 6473
List the prime factors of 1117388024.
2, 19, 23, 43, 7433
What are the prime factors of 448551933?
3, 149517311
List the prime factors of 898362172.
2, 224590543
What are the prime factors of 2533059853?
211, 12005023
What are the prime factors of 